{"id":45,"date":"2025-02-16T11:20:08","date_gmt":"2025-02-16T11:20:08","guid":{"rendered":"https:\/\/tidy-tessier-ym.zipwp.xyz\/?page_id=45"},"modified":"2025-02-16T11:20:08","modified_gmt":"2025-02-16T11:20:08","slug":"offerings","status":"publish","type":"page","link":"https:\/\/toniburguera.com\/?page_id=45","title":{"rendered":"Offerings"},"content":{"rendered":"\n<div class=\"wp-block-uagb-container uagb-block-c61f8af5 alignfull uagb-is-root-container\"><div class=\"uagb-container-inner-blocks-wrap\">\n<div class=\"wp-block-uagb-advanced-heading uagb-block-a9f61422\"><h1 class=\"uagb-heading-text\">Servicios de Impresi\u00f3n de Calidad<\/h1><\/div>\n<\/div><\/div>\n\n\n\n<div class=\"wp-block-uagb-container uagb-block-d5a4d08b alignfull uagb-is-root-container\"><div class=\"uagb-container-inner-blocks-wrap\">\n<div class=\"wp-block-uagb-advanced-heading uagb-block-72cf41da\"><h2 class=\"uagb-heading-text\">En Toni Burguera slu, ofrecemos una amplia gama de servicios de impresi\u00f3n que se adaptan a las necesidades de nuestros clientes. Nuestro objetivo es proporcionar soluciones personalizadas con un enfoque en la calidad y la satisfacci\u00f3n del cliente.<\/h2><div class=\"uagb-separator\"><\/div><\/div>\n\n\n\n<div class=\"wp-block-uagb-container uagb-block-1566550c\">\n<div class=\"wp-block-uagb-container uagb-block-edcdc1f2\">\n<div class=\"wp-block-uagb-image alignleft uagb-block-1b238a99 wp-block-uagb-image--layout-default wp-block-uagb-image--effect-static wp-block-uagb-image--align-left\"><figure class=\"wp-block-uagb-image__figure\"><img decoding=\"async\" srcset=\"https:\/\/toniburguera.com\/wp-content\/uploads\/2025\/02\/green-and-black-industrial-machine-1440504.jpeg ,https:\/\/toniburguera.com\/wp-content\/uploads\/2025\/02\/green-and-black-industrial-machine-1440504.jpeg 780w, https:\/\/toniburguera.com\/wp-content\/uploads\/2025\/02\/green-and-black-industrial-machine-1440504.jpeg 360w\" sizes=\"auto, (max-width: 480px) 150px\" src=\"https:\/\/toniburguera.com\/wp-content\/uploads\/2025\/02\/green-and-black-industrial-machine-1440504.jpeg\" alt=\"\" class=\"uag-image-1190\" width=\"360\" height=\"300\" title=\"\" loading=\"lazy\" role=\"img\"\/><\/figure><\/div>\n<\/div>\n\n\n\n<div class=\"wp-block-uagb-container uagb-block-617ff4d0\">\n<div class=\"wp-block-uagb-advanced-heading uagb-block-27006203\"><h3 class=\"uagb-heading-text\">Impresi\u00f3n Digital<\/h3><div class=\"uagb-separator\"><\/div><p class=\"uagb-desc-text\">Eficiencia y Versatilidad en Impresi\u00f3n<\/p><\/div>\n\n\n\n<div class=\"wp-block-uagb-info-box uagb-block-d67bb4e5 uagb-infobox__content-wrap  uagb-infobox-icon-above-title uagb-infobox-image-valign-top\"><div class=\"uagb-ifb-content\"><div class=\"uagb-ifb-title-wrap\"><p class=\"uagb-ifb-title\">Utilizamos tecnolog\u00eda de vanguardia para ofrecer impresiones digitales de alta calidad, ideales para proyectos peque\u00f1os y grandes. Nuestros servicios son perfectos para quienes buscan rapidez sin comprometer la calidad.<\/p><\/div><p class=\"uagb-ifb-desc\">Desde tarjetas de visita hasta folletos, garantizamos resultados impactantes y un acabado profesional que representa perfectamente su marca.<\/p><\/div><\/div>\n<\/div>\n<\/div>\n\n\n\n<div class=\"wp-block-uagb-container uagb-block-fdd24d60\">\n<div class=\"wp-block-uagb-container uagb-block-97eb2bb1\">\n<div class=\"wp-block-uagb-image alignleft uagb-block-5639a440 wp-block-uagb-image--layout-default wp-block-uagb-image--effect-static wp-block-uagb-image--align-left\"><figure class=\"wp-block-uagb-image__figure\"><img decoding=\"async\" srcset=\"https:\/\/toniburguera.com\/wp-content\/uploads\/2025\/02\/white-and-blue-spring-notebook-110645.jpeg ,https:\/\/toniburguera.com\/wp-content\/uploads\/2025\/02\/white-and-blue-spring-notebook-110645.jpeg 780w, https:\/\/toniburguera.com\/wp-content\/uploads\/2025\/02\/white-and-blue-spring-notebook-110645.jpeg 360w\" sizes=\"auto, (max-width: 480px) 150px\" src=\"https:\/\/toniburguera.com\/wp-content\/uploads\/2025\/02\/white-and-blue-spring-notebook-110645.jpeg\" alt=\"\" class=\"uag-image-1194\" width=\"360\" height=\"300\" title=\"\" loading=\"lazy\" role=\"img\"\/><\/figure><\/div>\n<\/div>\n\n\n\n<div class=\"wp-block-uagb-container uagb-block-2998277e\">\n<div class=\"wp-block-uagb-advanced-heading uagb-block-97560d77\"><h3 class=\"uagb-heading-text\">Impresi\u00f3n Offset<\/h3><div class=\"uagb-separator\"><\/div><p class=\"uagb-desc-text\">Calidad Superior para Grandes Cantidades<\/p><\/div>\n\n\n\n<div class=\"wp-block-uagb-info-box uagb-block-8fb21d3b uagb-infobox__content-wrap  uagb-infobox-icon-above-title uagb-infobox-image-valign-top\"><div class=\"uagb-ifb-content\"><div class=\"uagb-ifb-title-wrap\"><p class=\"uagb-ifb-title\">Nuestra impresi\u00f3n offset es perfecta para tiradas grandes, ofreciendo un acabado excepcional a un precio competitivo. Esta t\u00e9cnica es ideal para productos como cat\u00e1logos, libros y revistas.<\/p><\/div><p class=\"uagb-ifb-desc\">Con a\u00f1os de experiencia, aseguramos un color vibrante y una definici\u00f3n n\u00edtida, adapt\u00e1ndonos a sus necesidades espec\u00edficas de impresi\u00f3n.<\/p><\/div><\/div>\n<\/div>\n<\/div>\n\n\n\n<div class=\"wp-block-uagb-container uagb-block-89e12639\">\n<div class=\"wp-block-uagb-container uagb-block-b07905f5\">\n<div class=\"wp-block-uagb-image alignleft uagb-block-699d7ada wp-block-uagb-image--layout-default wp-block-uagb-image--effect-static wp-block-uagb-image--align-left\"><figure class=\"wp-block-uagb-image__figure\"><img decoding=\"async\" srcset=\"https:\/\/toniburguera.com\/wp-content\/uploads\/2025\/02\/close-up-of-old-fashioned-printing-machinery-6620999.jpeg ,https:\/\/toniburguera.com\/wp-content\/uploads\/2025\/02\/close-up-of-old-fashioned-printing-machinery-6620999.jpeg 780w, https:\/\/toniburguera.com\/wp-content\/uploads\/2025\/02\/close-up-of-old-fashioned-printing-machinery-6620999.jpeg 360w\" sizes=\"auto, (max-width: 480px) 150px\" src=\"https:\/\/toniburguera.com\/wp-content\/uploads\/2025\/02\/close-up-of-old-fashioned-printing-machinery-6620999.jpeg\" alt=\"\" class=\"uag-image-1191\" width=\"360\" height=\"300\" title=\"\" loading=\"lazy\" role=\"img\"\/><\/figure><\/div>\n<\/div>\n\n\n\n<div class=\"wp-block-uagb-container uagb-block-52b4693d\">\n<div class=\"wp-block-uagb-advanced-heading uagb-block-6d350afc\"><h3 class=\"uagb-heading-text\">Dise\u00f1o Gr\u00e1fico<\/h3><div class=\"uagb-separator\"><\/div><p class=\"uagb-desc-text\">Creatividad para Transmitir Mensajes<\/p><\/div>\n\n\n\n<div class=\"wp-block-uagb-info-box uagb-block-3e2c37a0 uagb-infobox__content-wrap  uagb-infobox-icon-above-title uagb-infobox-image-valign-top\"><div class=\"uagb-ifb-content\"><div class=\"uagb-ifb-title-wrap\"><p class=\"uagb-ifb-title\">Ofrecemos servicios de dise\u00f1o gr\u00e1fico integral que complementan nuestras soluciones de impresi\u00f3n, ayudando a dar vida a sus ideas. Nuestro equipo de dise\u00f1adores trabaja en estrecha colaboraci\u00f3n con usted para crear materiales visuales atractivos.<\/p><\/div><p class=\"uagb-ifb-desc\">Desde logotipos y branding hasta folletos y carteles, estamos aqu\u00ed para garantizar que su identidad visual sea impactante y efectiva.<\/p><\/div><\/div>\n<\/div>\n<\/div>\n<\/div><\/div>\n\n\n\n<div class=\"wp-block-uagb-container uagb-block-b5f2dd4a alignfull uagb-is-root-container\"><div class=\"uagb-container-inner-blocks-wrap\">\n<div class=\"wp-block-uagb-container uagb-block-50082671\">\n<div class=\"wp-block-uagb-info-box uagb-block-8768d98f uagb-infobox__content-wrap  uagb-infobox-icon-above-title uagb-infobox-image-valign-top wp-block-uagb-info-box--has-margin\"><div class=\"uagb-infobox-margin-wrapper\"><div class=\"uagb-ifb-content\"><div class=\"uagb-ifb-title-wrap\"><h2 class=\"uagb-ifb-title\">\u00bfListo para empezar?<\/h2><\/div><p class=\"uagb-ifb-desc\">Cont\u00e1ctanos hoy para obtener un presupuesto personalizado y descubre c\u00f3mo podemos ayudarte a llevar tus ideas a la realidad.<\/p><div class=\"uagb-ifb-button-wrapper wp-block-button\"><a href=\"\/contact\/\" class=\"uagb-infobox-cta-link wp-block-button__link\" target=\"_self\" rel=\"noopener noreferrer\" onclick=\"return true;\"><span class=\"uagb-inline-editing\">Solicitar Presupuesto<\/span><\/a><\/div><\/div><\/div><\/div>\n<\/div>\n<\/div><\/div>\n","protected":false},"excerpt":{"rendered":"<p>Servicios de Impresi\u00f3n de Calidad En Toni Burguera slu, ofrecemos una amplia gama de servicios de impresi\u00f3n que se adaptan [&hellip;]<\/p>\n","protected":false},"author":6,"featured_media":0,"parent":0,"menu_order":0,"comment_status":"closed","ping_status":"closed","template":"","meta":{"_uag_custom_page_level_css":"","site-sidebar-layout":"default","site-content-layout":"plain-container","ast-site-content-layout":"default","site-content-style":"default","site-sidebar-style":"default","ast-global-header-display":"","ast-banner-title-visibility":"","ast-main-header-display":"","ast-hfb-above-header-display":"","ast-hfb-below-header-display":"","ast-hfb-mobile-header-display":"","site-post-title":"disabled","ast-breadcrumbs-content":"","ast-featured-img":"","footer-sml-layout":"","ast-disable-related-posts":"","theme-transparent-header-meta":"default","adv-header-id-meta":"","stick-header-meta":"","header-above-stick-meta":"","header-main-stick-meta":"","header-below-stick-meta":"","astra-migrate-meta-layouts":"set","ast-page-background-enabled":"default","ast-page-background-meta":{"desktop":{"background-color":"var(--ast-global-color-4)","background-image":"","background-repeat":"repeat","background-position":"center center","background-size":"auto","background-attachment":"scroll","background-type":"","background-media":"","overlay-type":"","overlay-color":"","overlay-opacity":"","overlay-gradient":""},"tablet":{"background-color":"","background-image":"","background-repeat":"repeat","background-position":"center center","background-size":"auto","background-attachment":"scroll","background-type":"","background-media":"","overlay-type":"","overlay-color":"","overlay-opacity":"","overlay-gradient":""},"mobile":{"background-color":"","background-image":"","background-repeat":"repeat","background-position":"center center","background-size":"auto","background-attachment":"scroll","background-type":"","background-media":"","overlay-type":"","overlay-color":"","overlay-opacity":"","overlay-gradient":""}},"ast-content-background-meta":{"desktop":{"background-color":"var(--ast-global-color-5)","background-image":"","background-repeat":"repeat","background-position":"center center","background-size":"auto","background-attachment":"scroll","background-type":"","background-media":"","overlay-type":"","overlay-color":"","overlay-opacity":"","overlay-gradient":""},"tablet":{"background-color":"var(--ast-global-color-5)","background-image":"","background-repeat":"repeat","background-position":"center center","background-size":"auto","background-attachment":"scroll","background-type":"","background-media":"","overlay-type":"","overlay-color":"","overlay-opacity":"","overlay-gradient":""},"mobile":{"background-color":"var(--ast-global-color-5)","background-image":"","background-repeat":"repeat","background-position":"center center","background-size":"auto","background-attachment":"scroll","background-type":"","background-media":"","overlay-type":"","overlay-color":"","overlay-opacity":"","overlay-gradient":""}},"footnotes":""},"class_list":["post-45","page","type-page","status-publish","hentry"],"uagb_featured_image_src":{"full":false,"thumbnail":false,"medium":false,"medium_large":false,"large":false,"1536x1536":false,"2048x2048":false},"uagb_author_info":{"display_name":"Toni Burguera","author_link":"https:\/\/toniburguera.com\/?author=6"},"uagb_comment_info":0,"uagb_excerpt":"Servicios de Impresi\u00f3n de Calidad En Toni Burguera slu, ofrecemos una amplia gama de servicios de impresi\u00f3n que se adaptan [&hellip;]","_links":{"self":[{"href":"https:\/\/toniburguera.com\/index.php?rest_route=\/wp\/v2\/pages\/45","targetHints":{"allow":["GET"]}}],"collection":[{"href":"https:\/\/toniburguera.com\/index.php?rest_route=\/wp\/v2\/pages"}],"about":[{"href":"https:\/\/toniburguera.com\/index.php?rest_route=\/wp\/v2\/types\/page"}],"author":[{"embeddable":true,"href":"https:\/\/toniburguera.com\/index.php?rest_route=\/wp\/v2\/users\/6"}],"replies":[{"embeddable":true,"href":"https:\/\/toniburguera.com\/index.php?rest_route=%2Fwp%2Fv2%2Fcomments&post=45"}],"version-history":[{"count":1,"href":"https:\/\/toniburguera.com\/index.php?rest_route=\/wp\/v2\/pages\/45\/revisions"}],"predecessor-version":[{"id":1201,"href":"https:\/\/toniburguera.com\/index.php?rest_route=\/wp\/v2\/pages\/45\/revisions\/1201"}],"wp:attachment":[{"href":"https:\/\/toniburguera.com\/index.php?rest_route=%2Fwp%2Fv2%2Fmedia&parent=45"}],"curies":[{"name":"wp","href":"https:\/\/api.w.org\/{rel}","templated":true}]}}